{"id":384,"date":"2024-10-07T13:05:56","date_gmt":"2024-10-07T12:05:56","guid":{"rendered":"https:\/\/ann-dove-author.com\/?post_type=product&#038;p=384"},"modified":"2025-08-08T18:50:35","modified_gmt":"2025-08-08T17:50:35","slug":"naszyjnik-vegvisir","status":"publish","type":"product","link":"https:\/\/ann-dove-author.com\/?product=naszyjnik-vegvisir","title":{"rendered":"naszyjnik Vegvisir"},"content":{"rendered":"<p>Naszyjnik kompas wiking\u00f3w z regulowanym rzemieniem.<\/p>\n<p>Materia\u0142: stal chirurgiczna.<\/p>\n<p>Wielko\u015b\u0107 zawieszki: 3 cm.<\/p>\n","protected":false},"excerpt":{"rendered":"<p>Naszyjnik kompas wiking\u00f3w z regulowanym rzemieniem. Materia\u0142: stal chirurgiczna. Wielko\u015b\u0107 zawieszki: 3 cm.<\/p>\n","protected":false},"featured_media":385,"template":"","meta":[],"product_brand":[],"product_cat":[31],"product_tag":[],"class_list":{"0":"post-384","1":"product","2":"type-product","3":"status-publish","4":"has-post-thumbnail","6":"product_cat-gadzety","8":"first","9":"instock","10":"taxable","11":"shipping-taxable","12":"purchasable","13":"product-type-simple"},"_links":{"self":[{"href":"https:\/\/ann-dove-author.com\/index.php?rest_route=\/wp\/v2\/product\/384","targetHints":{"allow":["GET"]}}],"collection":[{"href":"https:\/\/ann-dove-author.com\/index.php?rest_route=\/wp\/v2\/product"}],"about":[{"href":"https:\/\/ann-dove-author.com\/index.php?rest_route=\/wp\/v2\/types\/product"}],"wp:featuredmedia":[{"embeddable":true,"href":"https:\/\/ann-dove-author.com\/index.php?rest_route=\/wp\/v2\/media\/385"}],"wp:attachment":[{"href":"https:\/\/ann-dove-author.com\/index.php?rest_route=%2Fwp%2Fv2%2Fmedia&parent=384"}],"wp:term":[{"taxonomy":"product_brand","embeddable":true,"href":"https:\/\/ann-dove-author.com\/index.php?rest_route=%2Fwp%2Fv2%2Fproduct_brand&post=384"},{"taxonomy":"product_cat","embeddable":true,"href":"https:\/\/ann-dove-author.com\/index.php?rest_route=%2Fwp%2Fv2%2Fproduct_cat&post=384"},{"taxonomy":"product_tag","embeddable":true,"href":"https:\/\/ann-dove-author.com\/index.php?rest_route=%2Fwp%2Fv2%2Fproduct_tag&post=384"}],"curies":[{"name":"wp","href":"https:\/\/api.w.org\/{rel}","templated":true}]}}