{"id":386,"date":"2024-10-07T13:09:57","date_gmt":"2024-10-07T12:09:57","guid":{"rendered":"https:\/\/ann-dove-author.com\/?post_type=product&#038;p=386"},"modified":"2025-05-10T14:05:12","modified_gmt":"2025-05-10T13:05:12","slug":"wilki-i-mjolnir-naszyjnik","status":"publish","type":"product","link":"https:\/\/ann-dove-author.com\/?product=wilki-i-mjolnir-naszyjnik","title":{"rendered":"Wilki i Mj\u00f6lnir naszyjnik"},"content":{"rendered":"<p>Materia\u0142: stal chirurgiczna.<br \/>\nRzemie\u0144: tworzywo sztuczne.<br \/>\nD\u0142ugo\u015b\u0107 m\u0142ota: 4,5 cm<br \/>\nD\u0142ugo\u015b\u0107 zawieszki wilki + m\u0142ot: 8,5 cm<br \/>\nD\u0142ugo\u015bc ca\u0142kowita rzemienia: 54 cm<\/p>\n","protected":false},"excerpt":{"rendered":"<p>Materia\u0142: stal chirurgiczna. Rzemie\u0144: tworzywo sztuczne. D\u0142ugo\u015b\u0107 m\u0142ota: 4,5 cm D\u0142ugo\u015b\u0107 zawieszki wilki + m\u0142ot: 8,5 cm D\u0142ugo\u015bc ca\u0142kowita rzemienia: 54 cm<\/p>\n","protected":false},"featured_media":387,"template":"","meta":[],"product_brand":[],"product_cat":[31],"product_tag":[],"class_list":{"0":"post-386","1":"product","2":"type-product","3":"status-publish","4":"has-post-thumbnail","6":"product_cat-gadzety","8":"first","9":"instock","10":"taxable","11":"shipping-taxable","12":"purchasable","13":"product-type-simple"},"_links":{"self":[{"href":"https:\/\/ann-dove-author.com\/index.php?rest_route=\/wp\/v2\/product\/386","targetHints":{"allow":["GET"]}}],"collection":[{"href":"https:\/\/ann-dove-author.com\/index.php?rest_route=\/wp\/v2\/product"}],"about":[{"href":"https:\/\/ann-dove-author.com\/index.php?rest_route=\/wp\/v2\/types\/product"}],"wp:featuredmedia":[{"embeddable":true,"href":"https:\/\/ann-dove-author.com\/index.php?rest_route=\/wp\/v2\/media\/387"}],"wp:attachment":[{"href":"https:\/\/ann-dove-author.com\/index.php?rest_route=%2Fwp%2Fv2%2Fmedia&parent=386"}],"wp:term":[{"taxonomy":"product_brand","embeddable":true,"href":"https:\/\/ann-dove-author.com\/index.php?rest_route=%2Fwp%2Fv2%2Fproduct_brand&post=386"},{"taxonomy":"product_cat","embeddable":true,"href":"https:\/\/ann-dove-author.com\/index.php?rest_route=%2Fwp%2Fv2%2Fproduct_cat&post=386"},{"taxonomy":"product_tag","embeddable":true,"href":"https:\/\/ann-dove-author.com\/index.php?rest_route=%2Fwp%2Fv2%2Fproduct_tag&post=386"}],"curies":[{"name":"wp","href":"https:\/\/api.w.org\/{rel}","templated":true}]}}