{"id":392,"date":"2024-10-07T13:24:16","date_gmt":"2024-10-07T12:24:16","guid":{"rendered":"https:\/\/ann-dove-author.com\/?post_type=product&#038;p=392"},"modified":"2025-08-22T16:02:39","modified_gmt":"2025-08-22T15:02:39","slug":"plecionka-celtycka","status":"publish","type":"product","link":"https:\/\/ann-dove-author.com\/?product=plecionka-celtycka","title":{"rendered":"Naszyjnik plecionka celtycka"},"content":{"rendered":"<p>Materia\u0142: stal nierdzewna<br \/>\nD\u0142ugo\u015b\u0107 zawieszki: 4 cm<br \/>\nD\u0142ugo\u015b\u0107 \u0142a\u0144cuszka: 60 cm<\/p>\n","protected":false},"excerpt":{"rendered":"<p>Materia\u0142: stal nierdzewna D\u0142ugo\u015b\u0107 zawieszki: 4 cm D\u0142ugo\u015b\u0107 \u0142a\u0144cuszka: 60 cm<\/p>\n","protected":false},"featured_media":393,"template":"","meta":[],"product_brand":[],"product_cat":[31],"product_tag":[],"class_list":{"0":"post-392","1":"product","2":"type-product","3":"status-publish","4":"has-post-thumbnail","6":"product_cat-gadzety","8":"first","9":"instock","10":"taxable","11":"shipping-taxable","12":"purchasable","13":"product-type-simple"},"_links":{"self":[{"href":"https:\/\/ann-dove-author.com\/index.php?rest_route=\/wp\/v2\/product\/392","targetHints":{"allow":["GET"]}}],"collection":[{"href":"https:\/\/ann-dove-author.com\/index.php?rest_route=\/wp\/v2\/product"}],"about":[{"href":"https:\/\/ann-dove-author.com\/index.php?rest_route=\/wp\/v2\/types\/product"}],"wp:featuredmedia":[{"embeddable":true,"href":"https:\/\/ann-dove-author.com\/index.php?rest_route=\/wp\/v2\/media\/393"}],"wp:attachment":[{"href":"https:\/\/ann-dove-author.com\/index.php?rest_route=%2Fwp%2Fv2%2Fmedia&parent=392"}],"wp:term":[{"taxonomy":"product_brand","embeddable":true,"href":"https:\/\/ann-dove-author.com\/index.php?rest_route=%2Fwp%2Fv2%2Fproduct_brand&post=392"},{"taxonomy":"product_cat","embeddable":true,"href":"https:\/\/ann-dove-author.com\/index.php?rest_route=%2Fwp%2Fv2%2Fproduct_cat&post=392"},{"taxonomy":"product_tag","embeddable":true,"href":"https:\/\/ann-dove-author.com\/index.php?rest_route=%2Fwp%2Fv2%2Fproduct_tag&post=392"}],"curies":[{"name":"wp","href":"https:\/\/api.w.org\/{rel}","templated":true}]}}