{"id":423,"date":"2024-10-21T11:20:00","date_gmt":"2024-10-21T10:20:00","guid":{"rendered":"https:\/\/ann-dove-author.com\/?post_type=product&#038;p=423"},"modified":"2025-02-01T08:55:25","modified_gmt":"2025-02-01T07:55:25","slug":"topor-z-wilkiem-i-krukiem","status":"publish","type":"product","link":"https:\/\/ann-dove-author.com\/?product=topor-z-wilkiem-i-krukiem","title":{"rendered":"Top\u00f3r z wilkiem i krukiem"},"content":{"rendered":"<p>Materia\u0142: stal chirurgiczna<br \/>\nD\u0142ugo\u015b\u0107 zawieszki: 4,5 cm<br \/>\nD\u0142ugo\u015b\u0107 \u0142a\u0144cuszka: 60 cm.<\/p>\n","protected":false},"excerpt":{"rendered":"<p>Materia\u0142: stal chirurgiczna D\u0142ugo\u015b\u0107 zawieszki: 4,5 cm D\u0142ugo\u015b\u0107 \u0142a\u0144cuszka: 60 cm.<\/p>\n","protected":false},"featured_media":429,"template":"","meta":[],"product_brand":[],"product_cat":[31],"product_tag":[],"class_list":{"0":"post-423","1":"product","2":"type-product","3":"status-publish","4":"has-post-thumbnail","6":"product_cat-gadzety","8":"first","9":"instock","10":"taxable","11":"shipping-taxable","12":"purchasable","13":"product-type-simple"},"_links":{"self":[{"href":"https:\/\/ann-dove-author.com\/index.php?rest_route=\/wp\/v2\/product\/423","targetHints":{"allow":["GET"]}}],"collection":[{"href":"https:\/\/ann-dove-author.com\/index.php?rest_route=\/wp\/v2\/product"}],"about":[{"href":"https:\/\/ann-dove-author.com\/index.php?rest_route=\/wp\/v2\/types\/product"}],"wp:featuredmedia":[{"embeddable":true,"href":"https:\/\/ann-dove-author.com\/index.php?rest_route=\/wp\/v2\/media\/429"}],"wp:attachment":[{"href":"https:\/\/ann-dove-author.com\/index.php?rest_route=%2Fwp%2Fv2%2Fmedia&parent=423"}],"wp:term":[{"taxonomy":"product_brand","embeddable":true,"href":"https:\/\/ann-dove-author.com\/index.php?rest_route=%2Fwp%2Fv2%2Fproduct_brand&post=423"},{"taxonomy":"product_cat","embeddable":true,"href":"https:\/\/ann-dove-author.com\/index.php?rest_route=%2Fwp%2Fv2%2Fproduct_cat&post=423"},{"taxonomy":"product_tag","embeddable":true,"href":"https:\/\/ann-dove-author.com\/index.php?rest_route=%2Fwp%2Fv2%2Fproduct_tag&post=423"}],"curies":[{"name":"wp","href":"https:\/\/api.w.org\/{rel}","templated":true}]}}