{"id":734,"date":"2026-04-01T09:37:30","date_gmt":"2026-04-01T08:37:30","guid":{"rendered":"https:\/\/ann-dove-author.com\/?post_type=product&#038;p=734"},"modified":"2026-04-01T09:37:31","modified_gmt":"2026-04-01T08:37:31","slug":"overlay-zasadzka","status":"publish","type":"product","link":"https:\/\/ann-dove-author.com\/?product=overlay-zasadzka","title":{"rendered":"overlay &#8222;zasadzka&#8221;"},"content":{"rendered":"<p>Overlay ze scen\u0105 z &#8222;C\u00f3rki s\u0142o\u0144ca i ksi\u0119\u017cyca&#8221;.<\/p>\n<p>Czym jest overlay? Jest to ozdobna wstawka\/ilustracja do ksi\u0105\u017cki.<\/p>\n","protected":false},"excerpt":{"rendered":"<p>Overlay ze scen\u0105 z &#8222;C\u00f3rki s\u0142o\u0144ca i ksi\u0119\u017cyca&#8221;. Czym jest overlay? Jest to ozdobna wstawka\/ilustracja do ksi\u0105\u017cki.<\/p>\n","protected":false},"featured_media":733,"template":"","meta":[],"product_brand":[],"product_cat":[33],"product_tag":[],"class_list":{"0":"post-734","1":"product","2":"type-product","3":"status-publish","4":"has-post-thumbnail","6":"product_cat-overlays-i-zakladki","8":"first","9":"instock","10":"taxable","11":"shipping-taxable","12":"purchasable","13":"product-type-simple"},"_links":{"self":[{"href":"https:\/\/ann-dove-author.com\/index.php?rest_route=\/wp\/v2\/product\/734","targetHints":{"allow":["GET"]}}],"collection":[{"href":"https:\/\/ann-dove-author.com\/index.php?rest_route=\/wp\/v2\/product"}],"about":[{"href":"https:\/\/ann-dove-author.com\/index.php?rest_route=\/wp\/v2\/types\/product"}],"wp:featuredmedia":[{"embeddable":true,"href":"https:\/\/ann-dove-author.com\/index.php?rest_route=\/wp\/v2\/media\/733"}],"wp:attachment":[{"href":"https:\/\/ann-dove-author.com\/index.php?rest_route=%2Fwp%2Fv2%2Fmedia&parent=734"}],"wp:term":[{"taxonomy":"product_brand","embeddable":true,"href":"https:\/\/ann-dove-author.com\/index.php?rest_route=%2Fwp%2Fv2%2Fproduct_brand&post=734"},{"taxonomy":"product_cat","embeddable":true,"href":"https:\/\/ann-dove-author.com\/index.php?rest_route=%2Fwp%2Fv2%2Fproduct_cat&post=734"},{"taxonomy":"product_tag","embeddable":true,"href":"https:\/\/ann-dove-author.com\/index.php?rest_route=%2Fwp%2Fv2%2Fproduct_tag&post=734"}],"curies":[{"name":"wp","href":"https:\/\/api.w.org\/{rel}","templated":true}]}}